{"id":217,"date":"2020-01-01T19:44:28","date_gmt":"2020-01-01T19:44:28","guid":{"rendered":"http:\/\/warnagard.se\/?page_id=217"},"modified":"2026-01-31T14:16:39","modified_gmt":"2026-01-31T13:16:39","slug":"en-startsidesektion","status":"publish","type":"page","link":"https:\/\/warnagard.se\/","title":{"rendered":"V\u00e4lkommen till W\u00e4rna g\u00e5rd"},"content":{"rendered":"\n<p class=\"has-bright-blue-color has-text-color has-medium-font-size\">Datum 2026-02-01<br>Under rubriken <strong>Lite om<\/strong> har det tillkommit en del information  som Harald Ehrenborg skrev under v\u00e5ren 1916. Som beskriver historien om Storg\u00e5rden i Opphem.<br><\/p>\n\n\n\n<p>Fr\u00e4lseg\u00e5rden W\u00e4rna i Tj\u00e4rstad socken \u00e4r bel\u00e4gen mellan sj\u00f6arna \u00c4mmern och \u00c5l\u00e4ndern cirka 8 km \u00f6ster om Rimforsa. Till g\u00e5rden h\u00f6r \u00e4ven \u00c4rn\u00e4s. P\u00e5 hemsidan finns information om vilka personer som har bott, brukat och \u00e4gt g\u00e5rden eller delar av den. Se l\u00e4nkar h\u00f6gst upp. <br><br>Informationen p\u00e5 hemsidan \u00e4r uppgifter fr\u00e5n husf\u00f6rh\u00f6rsl\u00e4ngder och mantalsl\u00e4ngder fr\u00e5n 1600-, 1700- och 1800-talen. De handskrivna anteckningarna kan vara feltolkade s\u00e5 \u00e4ven namnen p\u00e5 personer p\u00e5 gamla fotografier. <br>Om Du l\u00e4ser noga p\u00e5 hemsidan f\u00e5r Du reda p\u00e5 vilken f\u00e4rg det var p\u00e5 h\u00e4starna som gick och betade p\u00e5 \u00e4ngarna i \u00c4rn\u00e4s sommaren 1369! <br>Under fliken &#8221;<em>Lite om<\/em>&#8221; finns information om Opphems skola och n\u00e4r j\u00e4rnv\u00e4gen kom till Opphem.<br><br>Har Du fr\u00e5gor om inneh\u00e5llet p\u00e5 hemsidan s\u00e5 finns det ett kontaktformul\u00e4r att fylla i menyn. <br>Det g\u00e5r \u00e4ven bra att ringa till Anders Wing tel: 070-294 73 trea , \u00e5tta.<br><br>Version 2026-01-01<\/p>\n","protected":false},"excerpt":{"rendered":"<p>Datum 2026-02-01Under rubriken Lite om har det tillkommit en del information som Harald Ehrenborg skrev under v\u00e5ren 1916. Som beskriver historien om Storg\u00e5rden i Opphem. Fr\u00e4lseg\u00e5rden W\u00e4rna i Tj\u00e4rstad socken \u00e4r bel\u00e4gen mellan sj\u00f6arna \u00c4mmern och \u00c5l\u00e4ndern cirka 8 km \u00f6ster om Rimforsa. Till g\u00e5rden h\u00f6r \u00e4ven \u00c4rn\u00e4s. P\u00e5 hemsidan finns information om vilka personer &hellip; <a href=\"https:\/\/warnagard.se\/\" class=\"more-link\">Forts\u00e4tt l\u00e4sa<span class=\"screen-reader-text\"> &#8221;V\u00e4lkommen till W\u00e4rna g\u00e5rd&#8221;<\/span><\/a><\/p>\n","protected":false},"author":1,"featured_media":0,"parent":0,"menu_order":0,"comment_status":"closed","ping_status":"closed","template":"","meta":{"footnotes":""},"class_list":["post-217","page","type-page","status-publish","hentry"],"_links":{"self":[{"href":"https:\/\/warnagard.se\/index.php?rest_route=\/wp\/v2\/pages\/217","targetHints":{"allow":["GET"]}}],"collection":[{"href":"https:\/\/warnagard.se\/index.php?rest_route=\/wp\/v2\/pages"}],"about":[{"href":"https:\/\/warnagard.se\/index.php?rest_route=\/wp\/v2\/types\/page"}],"author":[{"embeddable":true,"href":"https:\/\/warnagard.se\/index.php?rest_route=\/wp\/v2\/users\/1"}],"replies":[{"embeddable":true,"href":"https:\/\/warnagard.se\/index.php?rest_route=%2Fwp%2Fv2%2Fcomments&post=217"}],"version-history":[{"count":38,"href":"https:\/\/warnagard.se\/index.php?rest_route=\/wp\/v2\/pages\/217\/revisions"}],"predecessor-version":[{"id":1970,"href":"https:\/\/warnagard.se\/index.php?rest_route=\/wp\/v2\/pages\/217\/revisions\/1970"}],"wp:attachment":[{"href":"https:\/\/warnagard.se\/index.php?rest_route=%2Fwp%2Fv2%2Fmedia&parent=217"}],"curies":[{"name":"wp","href":"https:\/\/api.w.org\/{rel}","templated":true}]}}